
Suppose -2*o = 2*v - 12, -4*v + 14 = o - 4. Is ((-19981)/(-26))/(2/v) a prime number?
False
Let n(i) = 56*i**2 + 11*i + 27. Let o(u) = 6*u + 34. Let c be o(-4). Is n(c) a prime number?
True
Let b = -15839 + 30232. Is b prime?
False
Let o = 556669 - 15240. Is o a composite number?
True
Let q = 39 + -36. Let u(t) = 2 + 3*t - 2*t**2 - q + 32*t**3 + 3*t**2. Is u(2) a composite number?
True
Let w be 5/(-2) - (15/10 - 1). Let a(l) = 1579*l**2 + 3*l + 16. Is a(w) prime?
False
Let r = 217 + -217. Suppose 4489 = 6*y - 3*y - 2*v, r = -4*y - 5*v + 5993. Is y a prime number?
False
Suppose 11 - 8 = -5*p + o, -3*p - 15 = -5*o. Suppose -3*l - 5*h = -5132, p = l - 5*l - 4*h + 6840. Is l a composite number?
False
Is 3/(168/(-308) - 682659/(-1251481)) a prime number?
False
Suppose -91679 = 6432*b - 6436*b + 263061. Is b prime?
False
Suppose -5*k + 53315 = 5*r, -4*r = 28*k - 23*k - 42648. Is r composite?
False
Let c = 17453 - 8796. Is c composite?
True
Suppose 9 = -0*b + b + 5*k, 0 = -b + 4*k. Suppose 5*x = -2*g + 11 + 4, g = -b*x + 9. Let s(z) = 1338*z + 5. Is s(x) composite?
True
Let d(u) be the first derivative of 4*u**3/3 - u**2 + 5*u + 10. Let o(m) = m. Let h(y) = d(y) + 6*o(y). Is h(-12) a prime number?
False
Suppose 0 = 5*q - 3*a - 254329, 23*a = -5*q + 28*a + 254325. Is q a prime number?
True
Let x(y) = 20*y**2 + 89*y - 724. Is x(33) a composite number?
False
Let y = -29 - 148. Let z = y - -394. Suppose 29 + z = 3*w. Is w a prime number?
False
Is (32/(-24) - (0 - (-795)/(-9))) + 2 a prime number?
True
Let j(q) = 21*q**2 - 8*q - 1. Let x = -77 + 74. Let l be (x - -2*2/1)*4. Is j(l) a composite number?
True
Let q(p) = 10*p**3 + 6*p**3 - 24*p**3 + 10 + 7*p**3 - 5*p - 5*p**2. Let j = 21 - 30. Is q(j) a prime number?
True
Let c(m) = 64*m**2 + 8*m + 11. Suppose -13*b + 10 - 101 = 0. Is c(b) prime?
False
Suppose -18840528 + 86080827 = 147*v. Is v composite?
True
Let h = 11103 + -1202. Is h prime?
True
Suppose -9*w = -w + w - 1930023. Is w composite?
True
Let n(u) = -229*u + 30. Let o be n(-20). Let l = o + -2511. Is l a prime number?
True
Let h = 2131934 + -1475205. Is h composite?
True
Let a(g) = 252*g + 17. Let i be 6/4*64/6. Is a(i) prime?
True
Let n(g) = g**3 + 4*g**2 - 5*g - 20. Let k be n(-4). Suppose 4*z - 3*s - 22483 = k, 5*z - 7*s - 28130 = -12*s. Is z composite?
False
Let q(k) = -61 + 90 - 147*k + 33. Is q(-5) composite?
False
Suppose -2*p = 0, p + 3*p - 190 = -5*j. Suppose 5*o - 3 = -38. Let y = o + j. Is y composite?
False
Suppose 0 = 6*c - 28 - 2. Suppose -c*n + 6436 = 2*x - 3*n, n + 5 = 0. Is x composite?
True
Let a be (-416)/(-24) - ((-8)/(-6) + -2). Suppose 5*m = 7 + a. Suppose m*r - 2924 = 1071. Is r a prime number?
False
Let m(y) = y**3 - 5*y**2 + y + 5. Let n be m(0). Suppose n*w - 8236 - 14679 = 0. Is w a prime number?
True
Suppose 9305150 = 54*t - 23366956. Is t prime?
True
Suppose -n = 2*g - 51736, -11*n = -15*n - 24. Is g a prime number?
False
Let g be 2*((-12)/4)/(-3). Suppose -2*s = -4, -s - 2899 = -3*i + 8289. Suppose g*y + y = -3*m + 5577, i = 2*m - 4*y. Is m prime?
True
Let q(v) = v**2 - 4*v - 18. Let g(x) = -4*x**2 + 11*x + 54. Let k(c) = -2*g(c) - 7*q(c). Let u be 91/(-7) + (2 - (-1 + 0)). Is k(u) a prime number?
False
Let v(f) be the second derivative of -2624*f**5/5 - f**4/6 - f**3/3 - f**2/2 - 4*f + 11. Is v(-1) a prime number?
False
Suppose 4*p = a + 191, 5*p - 3*p + 2*a - 108 = 0. Let d = -42 + p. Suppose -10*n + 2217 = -d*n. Is n a prime number?
True
Let n = -21 - 4. Let u be (-1*5)/(n/10). Suppose -z + 0*z = 3*b - 17, -2*b = -u*z + 50. Is z a prime number?
True
Let u = 121658 - 75999. Is u a prime number?
True
Let o(z) = -54*z - 68*z - 1 - 49*z - 34*z. Let k be o(1). Let x = 243 - k. Is x prime?
True
Let u = 2752 + -1046. Suppose w + 569 + 6312 = 4*b, -5*w - u = -b. Is b a prime number?
True
Let f = -24959 + 37012. Is f a prime number?
False
Let t = 358177 - 155388. Is t composite?
True
Suppose -4*x - 426850 = -3*n - 29457, 3*x + 1059730 = 8*n. Is n composite?
True
Suppose 0 = 56*c - 23*c - 99. Suppose a + 118424 = c*y, -39488 = -y - 3*a + 6*a. Is y a prime number?
False
Suppose 13*v - 12*v = 2*q + 167701, 4*v + q = 670849. Is v composite?
False
Suppose 3*w - v - 3*v - 1 = 0, -1 = -4*w + 5*v. Let s(t) = -987*t + 2. Let r be s(w). Let z = 1810 - r. Is z composite?
False
Let k(z) = z**3 - 2*z**2 + 3*z. Let y be k(1). Suppose -u + 1 = 0, y*u - 430 = -5*n + 7*u. Is ((280/24)/(-5))/((-1)/n) prime?
False
Let x be (-11 - -18) + 2*-2. Suppose -12 = -x*j + 2*j. Let h(k) = 20*k + 22. Is h(j) a composite number?
True
Let j(o) = -31 - 3 + 370*o + 7. Let s be j(13). Let g = s + -2624. Is g a composite number?
True
Suppose -10*v + 120909 = -14321. Is v composite?
False
Let d(x) = 14*x**2 - 25*x - 5. Let u be d(2). Suppose -3*z + 1 = -2*z. Is u/(z/2 + (-2668)/5352) a prime number?
False
Is 180887/(-2)*(-1)/(8 - 11)*-6 a composite number?
True
Suppose 4*x - 65 - 27 = 0. Suppose 3*y = q + 21, -2*y = -q + 3*y - x. Is (-10)/(-45) + (-6026)/q prime?
False
Suppose -192*g = -215*g + 986171. Is g a prime number?
False
Suppose -28*q + 33*q - 20 = 0. Suppose 0 = -2*w - q*b + 13506, 0 = 16*b - 19*b - 12. Is w prime?
True
Suppose 2*u + 4*a + 11 = -1, 0 = -u + 5*a + 22. Let b be 1/2*(8/2 - u). Is (-223)/(-3 - b - -3) prime?
True
Let q be 144/5 + 4/20. Let d(x) = 10 + q*x + 37*x + 3 - 6*x. Is d(6) prime?
True
Suppose 3*y + o = -y + 2112, -y + 3*o = -515. Suppose -d - 2*d + 140 = p, 4*p + d - y = 0. Suppose -12*k = p - 2135. Is k a prime number?
True
Is 9489489/146*6/9 a composite number?
False
Let j = 295578 - -17179. Is j prime?
True
Let o = 15734 - 2793. Is o prime?
True
Let p = 1603477 - 918246. Is p a composite number?
False
Let z be 1/(-5) - 33/(-15). Let y(n) = 84*n - 205. Let t be y(9). Suppose -2*k = -c + 136, -3*c - z*k - 103 = -t. Is c a prime number?
False
Suppose 0 = -198*h + 195*h + 6. Suppose 0 = -5*s + h*b + 29907, -35*s = -31*s - 2*b - 23926. Is s prime?
True
Let u(d) = d**3 - 11*d**2 - 24*d + 11. Let g be u(10). Let f = g + 448. Is f composite?
True
Suppose -5*q + 3*u = 4*u - 19, -3*q = -u - 13. Suppose q*k = b - 3*b + 33858, -b - 8466 = -k. Is k prime?
False
Suppose 6292639 = 60*v - 3*v - 7876022. Is v a composite number?
True
Let u(g) = 466*g**2 - 206*g + 1271. Is u(6) prime?
True
Let i(z) = -14313*z + 194. Is i(-1) composite?
True
Let s(d) = 233*d**2 - 54*d + 1764. Is s(43) composite?
False
Suppose -1 = -3*j - 5*b + 3, 5*j + 5*b + 10 = 0. Let f = j - -5. Is (-1)/(81/(-159) - 1/f) composite?
True
Suppose -48*d + 2971 - 235 = 0. Suppose -6352 = -d*v + 49*v. Is v a prime number?
False
Is 70681 - 12/(3 + -1 + -4) prime?
True
Let m be (-2)/7 - (-10)/(490/749). Let w(v) = -v**3 + 34*v**2 + 41*v - 59. Is w(m) a prime number?
True
Suppose -4 = -4*k, 3*b - 5336 = -2*b - k. Let m = b + -745. Suppose -m = 2*g - 2404. Is g a composite number?
True
Suppose -q - q = 0, -3*q + 127998 = 3*j. Suppose 6*w - 35496 = j. Is w composite?
True
Let b(p) = -129*p - 9. Let j be b(-6). Suppose -5*x - j = -a, 0 = -0*a - 5*a - 25. Let k = x + 535. Is k a prime number?
False
Suppose s = 2*w - 1076663, 48*s = -w + 51*s + 538334. Is w a composite number?
False
Let n(s) = 85*s**2 + 6*s - 17. Let i be (-770)/8 - 20/(-80). Let m = i + 100. Is n(m) prime?
True
Suppose 4*c + 10 = 5*d, -2*d + c + 6 = 2. Suppose -d*y - 55039 - 52054 = -5*a, -4*y + 107099 = 5*a. Is a a composite number?
False
Let n(c) be the first derivative of 29*c**6/120 + c**5/60 - 20*c**3/3 + 14. Let s(r) be the third derivative of n(r). Is s(-1) a composite number?
True
Suppose 70 = 18*b - 8*b. Let v(r) = r**3 + 11*r**2 + 3*r + 4. Is v(b) a prime number?
True
Let k be 1*(-6)/(12/(-10)). Suppose q = k*i - 376, 0 = -i - 0*q + 2*q + 68. Suppose i = 3*c + c. Is c prime?
True
Suppose -4*a + 6*a - 180478 = 0. Is a a composite number?
False
Suppose 5*h = 4*r + 23434, 9*h + 17581 = -3*r + 10*h. Let k = 11212 + r. Is k prime?
True
Let t(m) = 22*m**2 + 19*m - 112. Let l be t(16). Is 2/(l/(-1942) + (11 - 8)) composite?
True
Suppose 44 - 4 = 10*w. Suppose w*l - 16 = -0. Suppose 0 = -l*p + 286 + 342. Is p composite?
False
Let b be 1/(-15)*3 + (-1247930)/(-25). Suppose 4*y - 7*y = -b. Is y a prime number?
False
Suppose -2*z - b + 2734 = -379, z = 2*b + 1564. Let l = -927 + z. Is l a prime number?
True
Suppose